001001100001110
In base 13, what is 81a7b + 3?
81a81
In base 12, what is -4a740b - 0?
-4a740b
In base 8, what is 17030 - 1?
17027
In base 15, what is 436 + -7a?
3ab
In base 5, what is 13300 + 3?
13303
In base 12, what is 72bb2 - -5?
72bb7
In base 12, what is b + -4a72?
-4a63
In base 5, what is 2334124234 + -2?
2334124232
In base 12, what is 0 + -746?
-746
In base 8, what is 36 + -2104?
-2046
In base 16, what is 27 - -1bdb?
1c02
In base 14, what is -2 + 2c85?
2c83
In base 11, what is 38 + -3146?
-3109
In base 15, what is -2 - -e89c?
e89a
In base 12, what is 3 + -5270?
-5269
In base 15, what is e - 4785?
-4776
In base 3, what is 122202101112 - 1?
122202101111
In base 16, what is -3c + -2f9?
-335
In base 7, what is 4 - -53035?
53042
In base 13, what is 0 - 179b9?
-179b9
In base 16, what is 243 - ddd?
-b9a
In base 16, what is 4 - 8d4af?
-8d4ab
In base 7, what is -2663 - -213?
-2450
In base 2, what is -100010 - -1110010100?
1101110010
In base 3, what is 212220 - 2202111?
-1212121
In base 3, what is -112101 - -111202?
-122
In base 7, what is 65062 + -44?
65015
In base 9, what is -4087 - 106?
-4204
In base 10, what is 5 - -8259?
8264
In base 6, what is 5 - 20412500?
-20412451
In base 16, what is 2 - 2b8a?
-2b88
In base 11, what is 24 - -1091?
1105
In base 11, what is 5 + 657?
661
In base 13, what is -1 + -27a7b?
-27a7c
In base 5, what is -3 - -3242?
3234
In base 15, what is -1d448 + -4?
-1d44c
In base 12, what is -10041 - -2?
-1003b
In base 9, what is -11336 + -1?
-11337
In base 10, what is -144 + 364?
220
In base 7, what is 54 - 2422?
-2335
In base 13, what is -54bc30 + 1?
-54bc2c
In base 13, what is -202577 - 7?
-202581
In base 4, what is 12013 + 232?
12311
In base 12, what is -5496 - 48a?
-5964
In base 6, what is 3455 - -11?
3510
In base 4, what is 33131012 - -11?
33131023
In base 16, what is -201 - 1a1?
-3a2
In base 8, what is 127 + -777?
-650
In base 8, what is 3 + 373017?
373022
In base 8, what is 320 + -33521?
-33201
In base 13, what is -b6 + -b26?
-c0c
In base 4, what is 13000 - 233?
12101
In base 13, what is -1 - -1013b?
1013a
In base 11, what is 5 + 4480?
4485
In base 15, what is -31546 + -5?
-3154b
In base 8, what is -615413 + 5?
-615406
In base 10, what is -1592 - 14?
-1606
In base 4, what is 3 - -121021213?
121021222
In base 2, what is 1101 - 11000111101?
-11000110000
In base 11, what is 7508a + -9?
75081
In base 6, what is -21022544 + 1?
-21022543
In base 16, what is 9 - 6455?
-644c
In base 3, what is -20112 - 11022?
-101211
In base 9, what is 8400 + -3?
8386
In base 14, what is 5 + 662c?
6633
In base 16, what is -3502 - f4?
-35f6
In base 10, what is 138 - 683?
-545
In base 6, what is 1213 + -1454?
-241
In base 8, what is 154 + -24713?
-24537
In base 14, what is 19a - b1?
c9
In base 11, what is 96 - -63?
149
In base 8, what is 3 + -25503?
-25500
In base 6, what is -1404215 + 0?
-1404215
In base 8, what is -1513442 - 2?
-1513444
In base 8, what is 33 - -647514?
647547
In base 7, what is -165 + -3622?
-4120
In base 12, what is 52 - 22?
30
In base 15, what is 86 + 31?
b7
In base 13, what is -30 + 1497?
1467
In base 4, what is 1 + 3012013?
3012020
In base 7, what is -64 + 513?
416
In base 14, what is 2 - -801d7?
801d9
In base 6, what is -11 - -4000?
3545
In base 6, what is -3 - 5234222?
-5234225
In base 15, what is -3 + -74d8e?
-74d92
In base 15, what is 8a948 + 5?
8a94d
In base 6, what is 121545 + 12?
122001
In base 11, what is -1100 + -2570?
-3670
In base 12, what is -33905 - 14?
-33919
In base 14, what is 2 - 4d19?
-4d17
In base 7, what is -5 + -2130621?
-2130626
In base 4, what is 1100310 + 12?
1100322
In base 11, what is -6941 + -14?
-6955
In base 12, what is -2889 - -1?
-2888
In base 13, what is -159 + -377?
-503
In base 4, what is 30 + 1203223?
1203313
In base 13, what is -379 - 1b8?
-564
In base 6, what is -4 + 134132?
134124
In base 15, what is 52c + 42?
56e
In base 5, what is 203214 + 412?
204131
In base 4, what is -1 + -332010?
-332011
In base 6, what is -3 - -4423434?
4423431
In base 14, what is 102b1 + -5?
102aa
In base 10, what is -13 - -17099?
17086
In base 6, what is -221243 + -213?
-221500
In base 16, what is 1dc - -901?
add
In base 3, what is -212 + -100210100?
-100211012
In base 15, what is -4 + 133c6b?
133c67
In base 2, what is -1101 - -110100000?
110010011
In base 15, what is -b49 - 6c9?
-1323
In base 12, what is 124011 - -2?
124013
In base 9, what is -18 - 30758?
-30777
In base 12, what is -1 + -14097b?
-140980
In base 10, what is 1673 - -9?
1682
In base 6, what is 25 + -230112?
-230043
In base 13, what is -2 + 3788b?
37889
In base 2, what is 10111011010 + 1111010?
11001010100
In base 15, what is 9680b + -1?
9680a
In base 5, what is -4 + 1310214?
1310210
In base 12, what is 4 - -10b89?
10b91
In base 11, what is 3 - 29359?
-29356
In base 16, what is 1ca6 - 164?
1b42
In base 3, what is 12121 + 10121000?
10210121
In base 7, what is 241 - 42515?
-42244
In base 8, what is -1 + 131556?
131555
In base 15, what is -3 + -13a0?
-13a3
In base 9, what is -363503 + -2?
-363505
In base 5, what is 13432 + -332?
13100
In base 4, what is -113023313 - 3?
-113023322
In base 7, what is 3461 - 34?
3424
In base 9, what is 727 + -358?
358
In base 9, what is 168 + -17353?
-17174
In base 2, what is -1100010 + -1001111?
-10110001
In base 6, what is -3 - -151255?
151252
In base 14, what is -74c + -178?
-8c6
In base 2, what is -11001100111000 - 111?
-11001100111111
In base 12, what is -8 + 637aa?
637a2
In base 13, what is 4 + -2894?
-2890
In base 13, what is -104 - 2?
-106
In base 13, what is -180b - 78?
-1886
In base 14, what is 0 + -584?
-584
In base 7, what is -12253 - -4?
-12246
In base 12, what is -12 - 23769?
-2377b
In base 2, what is 110000010110 - -11?
110000011001
In base 13, what is -11266 + 4?
-11262
In base 8, what is 3427 - -20?
3447
In base 2, what is -101111010000101 + -101?
-101111010001010
In base 4, what is 1101132 + 2223?
1110021
In base 3, what is 1022001112 + -2?
1022001110
In base 2, what is 10110111100111 - 1011?
10110111011100
In base 16, what is 47 + 11d?
164
In base 11, what is -1 - 517036?
-517037
In base 4, what is 2131321 + -10?
2131311
In base 6, what is -13045 - -333?
-12312
In base 11, what is -6 - 127277?
-127282
In base 13, what is -10 + 6411?
6401
In base 7, what is -2 + -10225255?
-10225260
In base 3, what is 12 + -2022212100?
-2022212011
In base 11, what is -1021 + -2552?
-3573
In base 5, what is -1414244 + -33?
-1414332
In base 9, what is 41 + -2554?
-2513
In base 12, what is 4 + -9647?
-9643
In base 11, what is 317 + -100?
217
In base 3, what is -111 + 20121110?
20120222
In base 4, what is -11030223 + 3?
-11030220
In base 16, what is 40b2 + 24?
40d6
In base 15, what is 4 + -5480?
-547b
In base 11, what is 27 - 8a17?
-89a0
In base 7, what is -3346 + 46?
-3300
In base 8, what is -64 + 142305?
142221
In base 2, what is 1010001000011 + 110101?
1010001111000
In base 12, what is 3230 + -a9?
3143
In base 8, what is -25 - 3444?
-3471
In base 9, what is 50 + 4547?
4607
In base 7, what is -3 - -625?
622
In base 4, what is 3 + -110233032?
-110233023
In base 8, what is 31 - 1300?
-1247
In base 5, what is -440 + 331?
-104
In base 11, what is 157 + 4169?
4315
In base 9, what is -63 - -8485?
8422
In base 2, what is 111 + -1011101000100?
-1011100111101
In base 5, what is 2 - -3040033?
3040040
In base 15, what is -13c30 + -3?
-13c33
In base 3, what is 10222021 - -10?
10222101
In base 6, what is 13 - 5523?
-5510
In base 3, what is -1 - -200012?
200011
In base 11, what is -64 + -64?
-118
In base 13, what is -1b - 89c?
-8ba
In base 15, what is 3 - -e3d?
e41
In base 2, what is -1011 - 100011111111010?
-100100000000101
In base 3, what is 0 + 111120201011?
111120201011
In base 12, what is 39 - 5683?
-5646
In base 12, what is -14b12 - 17?
-14b29
In base 10, what is 9 - -102926?
102935
In base 7, what is -3 + 103112?
103106
In base 14, what is 64c63 + -5?
64c5c
In base 5, what is -1402 - 112?
-2014
In base 12, what is 827 + -1027?
-400
In base 4, what is -102020 + 2312?
-33102
In base 8, what is 660 - -52?
732
In base 7, what is -6316430 - -2?
-6316425
In base 5, what is 131042 + -23313?
102224
In base 16, what is -3fb1 - 3?
-3fb4
In base 3, what is -1011210012021002 + -12?
-1011210012021021
In base 10, what is 10570 - 5?
10565